what is -63 - ae0a?
-ae6d
In base 16, what is -10c - -7f?
-8d
In base 8, what is -334 - -4474?
4140
In base 14, what is -c297 - 42?
-c2d9
In base 16, what is -1764c - -3?
-17649
In base 13, what is -267a - -5a6?
-20a4
In base 6, what is 31 + 21351?
21422
In base 13, what is 2b + 8b4?
912
In base 4, what is 1112331101 + 3?
1112331110
In base 7, what is -6613 + -2042?
-11655
In base 8, what is 114 + 603?
717
In base 13, what is -19c + -c90?
-115c
In base 14, what is 5 + 371a5?
371aa
In base 7, what is 353 + -502?
-116
In base 9, what is -4307 + 21?
-4276
In base 12, what is 18 - -781?
799
In base 11, what is -6 - -17780?
17775
In base 3, what is -120222011 + -20?
-120222101
In base 11, what is -5 - -1a3502?
1a34a8
In base 8, what is -206304 + 0?
-206304
In base 16, what is -c + -14b7?
-14c3
In base 6, what is 2140 - -1042?
3222
In base 3, what is -10111 + 10001020?
2220202
In base 6, what is -10 - 11254?
-11304
In base 13, what is -1477 - 161?
-1608
In base 9, what is -13 - -272877?
272864
In base 12, what is a196 + -16?
a180
In base 8, what is 37 + 63255?
63314
In base 9, what is -2822 - -3?
-2818
In base 4, what is 3223130202 - -13?
3223130221
In base 14, what is -dc9c - 22?
-dcc0
In base 6, what is -232 + -233?
-505
In base 5, what is -1101204 - -10?
-1101144
In base 4, what is 102203313 + -210?
102203103
In base 10, what is -502835 - -5?
-502830
In base 10, what is 175 - 1292?
-1117
In base 15, what is -1082b62 + -3?
-1082b65
In base 2, what is -110111001000110 + -100?
-110111001001010
In base 9, what is 14818 - -17?
14836
In base 9, what is 3 + 10326?
10330
In base 12, what is 37 - 1670?
-1635
In base 6, what is -223211302 - -2?
-223211300
In base 10, what is 314615 - 0?
314615
In base 10, what is -715838 - 0?
-715838
In base 8, what is 356 - 142?
214
In base 13, what is -1c83 + 4?
-1c7c
In base 10, what is 128 - 387?
-259
In base 4, what is 30300 - 13132?
11102
In base 6, what is -3 - -1423320?
1423313
In base 14, what is 3 + -1c21?
-1c1c
In base 2, what is 1011011111111101 + 10?
1011011111111111
In base 11, what is -906 - 1298?
-20a3
In base 15, what is -1 + 722b1?
722b0
In base 6, what is 4 + -1044504?
-1044500
In base 13, what is -87b704 + -5?
-87b709
In base 16, what is 50aa9 + 0?
50aa9
In base 16, what is 12e40 - -28?
12e68
In base 3, what is 20 + 112222100?
112222120
In base 14, what is b1c + 115?
c33
In base 16, what is -3919d + 4?
-39199
In base 7, what is 4616 - -2255?
10204
In base 3, what is -122201 - 212101?
-1112002
In base 14, what is -3a9 - 66?
-431
In base 4, what is 3000 + -22032?
-13032
In base 6, what is -14042 + 21?
-14021
In base 16, what is 5 - 1045?
-1040
In base 16, what is -2 + 208f?
208d
In base 11, what is 4 - -2aa52?
2aa56
In base 11, what is 9 - -29132?
29140
In base 8, what is 46040 - -2?
46042
In base 16, what is 4 + 324b?
324f
In base 9, what is -61452 + 185?
-61256
In base 3, what is -122 + 200200110?
200122211
In base 4, what is 22012120 - -10?
22012130
In base 7, what is -3001052 + -16?
-3001101
In base 2, what is -110011000111001010 + -10?
-110011000111001100
In base 7, what is -1 + 224136?
224135
In base 4, what is -130 - 2011?
-2201
In base 5, what is 211120414 - 1?
211120413
In base 12, what is -9 - -8b2?
8a5
In base 14, what is -19 + 220?
205
In base 5, what is 10 + 131441?
132001
In base 6, what is -33 + -340312?
-340345
In base 7, what is 6 + -31024?
-31015
In base 14, what is -120 - 22d?
-34d
In base 12, what is 1 - -13170?
13171
In base 6, what is 12 - -13544?
14000
In base 11, what is -2540 - 54?
-2594
In base 3, what is -1111122 + 21?
-1111101
In base 10, what is 12067 - 50?
12017
In base 4, what is 3 + 130230020?
130230023
In base 14, what is -33 - -231ac?
23179
In base 16, what is -726 - 71?
-797
In base 15, what is -2 + -7d4e?
-7d51
In base 5, what is 2 + 242333144?
242333201
In base 5, what is 3 - 23031324?
-23031321
In base 2, what is -1010000 - 1111101?
-11001101
In base 15, what is -43c + 45?
-3e7
In base 13, what is -5 - 4b4a?
-4b52
In base 9, what is 1 + 12752?
12753
In base 9, what is -2106 + 7?
-2088
In base 14, what is -7 + 422?
419
In base 16, what is -495 - -4c5?
30
In base 14, what is -2 - 18715?
-18717
In base 11, what is -1940 + -26?
-1966
In base 3, what is -120202 - 1210?
-122112
In base 10, what is 64 - 8634?
-8570
In base 9, what is 7785 + 3?
7788
In base 8, what is -6753 + -340?
-7313
In base 14, what is -4576 + 3?
-4573
In base 9, what is -330 - -270?
-50
In base 5, what is -24000 - -10341?
-13104
In base 5, what is -1302041303 - 10?
-1302041313
In base 11, what is -109324 - -4?
-109320
In base 13, what is 103 - 57?
79
In base 8, what is -63752 - 16?
-63770
In base 13, what is -3 + b26b6?
b26b3
In base 8, what is 35 - -61664?
61721
In base 5, what is -10304100 - 2?
-10304102
In base 2, what is 1010100001 - 111001000?
11011001
In base 8, what is -2 + -5176431?
-5176433
In base 12, what is -2058 - -20?
-2038
In base 13, what is -2 - -318853?
318851
In base 5, what is 4 + 1023244?
1023303
In base 8, what is 4 + -26020?
-26014
In base 10, what is 900 + -379?
521
In base 7, what is -1 + -3245121?
-3245122
In base 16, what is 12 + -3e4?
-3d2
In base 8, what is 1 - 1027516?
-1027515
In base 5, what is -101 - -2133?
2032
In base 8, what is 12234 + 56?
12312
In base 3, what is 21 + -111212120101?
-111212120010
In base 7, what is 55514140 - 3?
55514134
In base 13, what is -4 + 1b052?
1b04b
In base 4, what is -13311 + 222?
-13023
In base 3, what is 10 + 210201011?
210201021
In base 6, what is -1 + 2031454?
2031453
In base 12, what is 270b + -724?
1ba7
In base 6, what is 55 - -13502?
14001
In base 16, what is -8 - 2d3a?
-2d42
In base 7, what is 56000 - -14?
56014
In base 7, what is -313636 + 1?
-313635
In base 12, what is 0 + -1565?
-1565
In base 4, what is 112 + 23322113?
23322231
In base 7, what is 51 - -33514?
33565
In base 10, what is 1955835 + -3?
1955832
In base 3, what is -10 - 200102020?
-200102100
In base 15, what is -4e2 - 16b9?
-1bab
In base 10, what is -10 + -3890?
-3900
In base 2, what is 110 + 10000010111000?
10000010111110
In base 14, what is -39dc - -4d?
-398d
In base 9, what is -3202 - 48?
-3251
In base 2, what is -10011111100100010 + 0?
-10011111100100010
In base 5, what is -44233323 - 0?
-44233323
In base 14, what is -1c730 - -1?
-1c72d
In base 2, what is 11110001000 - 10110110?
11011010010
In base 5, what is -2 - 13040024?
-13040031
In base 6, what is 0 - -50034?
50034
In base 13, what is 76c9 - -25?
7721
In base 15, what is -4b + 5dcb?
5d80
In base 4, what is 2 + -3023020?
-3023012
In base 14, what is -2360 - 4?
-2364
In base 15, what is -515 + -58?
-56d
In base 2, what is 1010110001101000000001 + -100?
1010110001100111111101
In base 6, what is -2215421 + 11?
-2215410
In base 16, what is 56d - 109?
464
In base 11, what is -2 + -1308?
-130a
In base 2, what is 1001110 - -10111001010?
11000011000
In base 9, what is 813113 + 1?
813114
In base 14, what is 94 - -7d?
133
In base 14, what is 13 + -4223?
-4210
In base 16, what is 0 - 8b2be?
-8b2be
In base 4, what is -11003001 + -1103?
-11010110
In base 10, what is -202 - -293?
91
In base 8, what is 1 - 13253?
-13252
In base 5, what is 1010202402 + 0?
1010202402
In base 6, what is -40514 - 21?
-40535
In base 5, what is -30 + -2210032?
-2210112
In base 5, what is 4 + 2044040?
2044044
In base 13, what is -9569 - 1a?
-9586
In base 3, what is 0 + 101101000211?
101101000211
In base 8, what is -130 - -76?
-32
In base 2, what is 1 + 10110101011011?
10110101011100
In base 4, what is 0 - 3020133?
-3020133
In base 4, what is 333321233 - -3?
333321302
In base 7, what is 12364 - -43?
12440
In base 9, what is 7 + 403627?
403635
In base 9, what is -1000 - -4653?
3653
In base 7, what is 45 - -1231?
1306
In base 5, what is -222442 + -4?
-223001
In base 3, what is -12 + 1000211110?
1000211021
In base 4, what is 101 + -310110301?
-310110200
In base 15, what is c08 - 6?
c02
In base 13, what is 250 + 281?
501
In base 15, what is 4 - 1ba6?
-1ba2
In base 15, what is -8586 + 5?
-8581
In base 10, what is 344 + 1063?
1407
In base 14, what is -22b0 - -23?
-228b
In base 5, what is 1241 - -1104?
2400
In base 4, what is -101 - -20123?
20022
In base 5, what is -3 + -2121300?
-2121303
In base 8, what is -10341 + -7?
-10350
In base 12, what is -5 + 